{"id":203,"date":"2019-01-09T17:37:01","date_gmt":"2019-01-09T17:37:01","guid":{"rendered":"http:\/\/wps-tauchen.com\/?page_id=203"},"modified":"2025-12-15T09:07:57","modified_gmt":"2025-12-15T08:07:57","slug":"tauchtermine","status":"publish","type":"page","link":"https:\/\/www.wps-tauchen.de\/?page_id=203","title":{"rendered":"Tauchtermine"},"content":{"rendered":"\n<h3 class=\"wp-block-heading\">Ausfl\u00fcge und sonstige Aktivit\u00e4ten<\/h3>\n\n\n\n<figure class=\"wp-block-table\"><table><tbody><tr><td><strong>Weihnachtstauchen am Baggersee\/Isny<\/strong><br><em>24. Dezember ab 11.00 Uhr<\/em><br><br>Einstimmen auf&#8217;s Fest, das Jahr ausklingen lassen.<br>Gerne mit Tee, Gl\u00fchwein, Pl\u00e4tzchen und Lebkuchen.<br>Wenn es die Wetterverh\u00e4ltnisse zulassen.<\/td><\/tr><tr><td><strong>Sommersaisoner\u00f6ffnung<\/strong><br><em>01. Mai<\/em><br>Ein guter Start f\u00fcr Nasstaucher, Ziel nach Absprache.<\/td><\/tr><tr><td><strong>Schnuppertauchen<\/strong> Juni\/Juli\/August<br>Du hast Freunde oder Bekannte, die das Tauchen einmal probieren m\u00f6chten?<br>Melde sie gerne dazu an. Termine werden rechtzeitig bekannt gegeben.<br><\/td><\/tr><tr><td><\/td><\/tr><tr><td><strong>\u00dcbungs- und Auffrischungstauchen<\/strong><br><em>nach Bedarf<\/em><br>Du hast l\u00e4nger nicht getaucht? Dein Tauchschein ist neu?<br>Hier bekommst Du Tipps und Tricks&#8230;<\/td><\/tr><tr><td><\/td><\/tr><tr><td><strong>Tagesausfl\u00fcge <\/strong><br><em>wann immer man Lust hat! <\/em><br>Darast,&nbsp;Ilsesee,&nbsp;Immenrieder&nbsp;See,&nbsp;Lechausee,&nbsp;Walensee\u2026.Du willst tauchen? Dann melde Dich jederzeit gerne. Irgendwas geht immer. Kurzfristig bei Stammtischen oder telefonisch.<\/td><\/tr><\/tbody><\/table><\/figure>\n\n\n\n<p><strong>Achtung:<\/strong> Bei den Ausfl\u00fcgen und sonstigen Aktivit\u00e4ten handelt es sich um evtl. Daten. <\/p>\n","protected":false},"excerpt":{"rendered":"<p>Ausfl\u00fcge und sonstige Aktivit\u00e4ten Weihnachtstauchen am Baggersee\/Isny24. Dezember ab 11.00 Uhr Einstimmen auf&#8217;s Fest, das Jahr ausklingen lassen.Gerne mit Tee, Gl\u00fchwein, Pl\u00e4tzchen und Lebkuchen.Wenn es die Wetterverh\u00e4ltnisse zulassen. Sommersaisoner\u00f6ffnung01. MaiEin &hellip; <\/p>\n<p class=\"link-more\"><a href=\"https:\/\/www.wps-tauchen.de\/?page_id=203\" class=\"more-link\"><span class=\"screen-reader-text\">\u201eTauchtermine\u201c <\/span>weiterlesen<\/a><\/p>\n","protected":false},"author":1,"featured_media":0,"parent":40,"menu_order":0,"comment_status":"closed","ping_status":"closed","template":"","meta":{"ngg_post_thumbnail":0,"footnotes":""},"class_list":["post-203","page","type-page","status-publish","hentry"],"_links":{"self":[{"href":"https:\/\/www.wps-tauchen.de\/index.php?rest_route=\/wp\/v2\/pages\/203","targetHints":{"allow":["GET"]}}],"collection":[{"href":"https:\/\/www.wps-tauchen.de\/index.php?rest_route=\/wp\/v2\/pages"}],"about":[{"href":"https:\/\/www.wps-tauchen.de\/index.php?rest_route=\/wp\/v2\/types\/page"}],"author":[{"embeddable":true,"href":"https:\/\/www.wps-tauchen.de\/index.php?rest_route=\/wp\/v2\/users\/1"}],"replies":[{"embeddable":true,"href":"https:\/\/www.wps-tauchen.de\/index.php?rest_route=%2Fwp%2Fv2%2Fcomments&post=203"}],"version-history":[{"count":12,"href":"https:\/\/www.wps-tauchen.de\/index.php?rest_route=\/wp\/v2\/pages\/203\/revisions"}],"predecessor-version":[{"id":1823,"href":"https:\/\/www.wps-tauchen.de\/index.php?rest_route=\/wp\/v2\/pages\/203\/revisions\/1823"}],"up":[{"embeddable":true,"href":"https:\/\/www.wps-tauchen.de\/index.php?rest_route=\/wp\/v2\/pages\/40"}],"wp:attachment":[{"href":"https:\/\/www.wps-tauchen.de\/index.php?rest_route=%2Fwp%2Fv2%2Fmedia&parent=203"}],"curies":[{"name":"wp","href":"https:\/\/api.w.org\/{rel}","templated":true}]}}