{"id":49,"date":"2019-01-08T17:32:47","date_gmt":"2019-01-08T17:32:47","guid":{"rendered":"http:\/\/wps-tauchen.com\/?page_id=49"},"modified":"2020-01-27T21:37:49","modified_gmt":"2020-01-27T20:37:49","slug":"impressum","status":"publish","type":"page","link":"https:\/\/www.wps-tauchen.de\/?page_id=49","title":{"rendered":"Impressum"},"content":{"rendered":"\n<h4 class=\"wp-block-heading\"><strong>Westallg\u00e4uer Pressluftschnapper e.V.<\/strong><\/h4>\n\n\n\n<p><strong>Vorstand:<\/strong><br><strong>Niki Karg<\/strong><br><strong>Geigersthal 18<\/strong><br><strong>D &#8211; 88178 Heimenkirch<\/strong><br><strong>Tel.: 08381 \/ 941524<\/strong><br><strong>E-mail: info@wps-tauchen.de oder webmaster@wps-tauchen.de<\/strong><\/p>\n\n\n\n<p>Eingetragen im Vereinsregister Lindau (Bodensee) Nr. VR 654<\/p>\n\n\n\n<h4 class=\"wp-block-heading\"><strong>Haftungsausschluss<\/strong><\/h4>\n\n\n\n<p>Die bereitgestellten Informationen auf dieser Website wurden sorgf\u00e4ltig gepr\u00fcft und werden regelm\u00e4\u00dfig aktualisiert.<br>Es wird jedoch keinerlei Garantie, Zusicherung oder sonstige Gew\u00e4hrleistung f\u00fcr die Richtigkeit, Genauigkeit, Vollst\u00e4ndigkeit, Aktualit\u00e4t, Qualit\u00e4t und\/oder Verwendbarkeit der dort dargestellten Informationen \u00fcbernommen.&nbsp;<br>Die gilt insbesondere f\u00fcr alle Links zu anderen Websites, auf die direkt oder indirekt verwiesen wird.<br>Alle Angaben k\u00f6nnen ohne vorherige Ank\u00fcndigung erg\u00e4nzt, entfernt oder ge\u00e4ndert werden.<\/p>\n\n\n\n<p>Die ver\u00f6ffentlichten Links werden mit gr\u00f6\u00dftm\u00f6glicher Sorgfalt recherchiert und zusammengestellt. Wir haben aber keinen Einfluss auf die aktuelle und zuk\u00fcnftige Gestaltung und Inhalte der verkn\u00fcpften Seiten. Daher schlie\u00dfen wir eine Verantwortung f\u00fcr den Inhalt der verkn\u00fcpften Seiten aus und machen uns den Inhalt nicht zu Eigen.<\/p>\n\n\n\n<h4 class=\"wp-block-heading\"><strong>Haftungsausschluss f\u00fcr eigene Inhalte<\/strong><\/h4>\n\n\n\n<p>Wir \u00fcbernehmen keinerlei Gew\u00e4hr f\u00fcr die Aktualit\u00e4t, Korrektheit, Vollst\u00e4ndigkeit oder Qualit\u00e4t der bereitgestellten Informationen.<\/p>\n\n\n\n<p>Haftungsanspr\u00fcche, welche sich auf Sch\u00e4den materieller oder ideeller Art beziehen, die durch die Nutzung oder Nichtnutzung der dargebotenen Informationen bzw. durch die Nutzung fehlerhafter und unvollst\u00e4ndiger Informationen verursacht wurden, sind grunds\u00e4tzlich ausgeschlossen. Etwas anderes gilt nur, wenn im Einzelfall ein nachweislich vors\u00e4tzliches oder grob fahrl\u00e4ssiges Verschulden vorliegt.<\/p>\n\n\n\n<p>Alle Angebote sind freibleibend und unverbindlich. Wir behalten uns ausdr\u00fccklich vor, Teile der Seiten oder das gesamte Angebot ohne gesonderte Ank\u00fcndigung zu ver\u00e4ndern, zu erg\u00e4nzen, zu l\u00f6schen oder die Ver\u00f6ffentlichung zeitweise oder endg\u00fcltig einzustellen.<\/p>\n\n\n\n<p>S\u00e4mtliche Texte und Beitr\u00e4ge werden den Besuchern unserer Homepage unentgeltlich zur Einsicht zur Verf\u00fcgung gestellt. Ein Vertragsverh\u00e4ltnis mit der Folge einer m\u00f6glichen Haftung unsererseits kommt dadurch nicht zu Stande. F\u00fcr entstehende Sch\u00e4den haften wir, sofern entgegen unserer Auffassung eine Haftung begr\u00fcndbar sein sollte, nur bei grob fahrl\u00e4ssiger oder vors\u00e4tzlicher Pflichtverletzung oder Verletzung einer Kardinalpflicht.<\/p>\n","protected":false},"excerpt":{"rendered":"<p>Westallg\u00e4uer Pressluftschnapper e.V. Vorstand:Niki KargGeigersthal 18D &#8211; 88178 HeimenkirchTel.: 08381 \/ 941524E-mail: info@wps-tauchen.de oder webmaster@wps-tauchen.de Eingetragen im Vereinsregister Lindau (Bodensee) Nr. VR 654 Haftungsausschluss Die bereitgestellten Informationen auf dieser Website &hellip; <\/p>\n<p class=\"link-more\"><a href=\"https:\/\/www.wps-tauchen.de\/?page_id=49\" class=\"more-link\"><span class=\"screen-reader-text\">\u201eImpressum\u201c <\/span>weiterlesen<\/a><\/p>\n","protected":false},"author":1,"featured_media":0,"parent":0,"menu_order":0,"comment_status":"closed","ping_status":"closed","template":"","meta":{"ngg_post_thumbnail":0,"footnotes":""},"class_list":["post-49","page","type-page","status-publish","hentry"],"_links":{"self":[{"href":"https:\/\/www.wps-tauchen.de\/index.php?rest_route=\/wp\/v2\/pages\/49","targetHints":{"allow":["GET"]}}],"collection":[{"href":"https:\/\/www.wps-tauchen.de\/index.php?rest_route=\/wp\/v2\/pages"}],"about":[{"href":"https:\/\/www.wps-tauchen.de\/index.php?rest_route=\/wp\/v2\/types\/page"}],"author":[{"embeddable":true,"href":"https:\/\/www.wps-tauchen.de\/index.php?rest_route=\/wp\/v2\/users\/1"}],"replies":[{"embeddable":true,"href":"https:\/\/www.wps-tauchen.de\/index.php?rest_route=%2Fwp%2Fv2%2Fcomments&post=49"}],"version-history":[{"count":5,"href":"https:\/\/www.wps-tauchen.de\/index.php?rest_route=\/wp\/v2\/pages\/49\/revisions"}],"predecessor-version":[{"id":564,"href":"https:\/\/www.wps-tauchen.de\/index.php?rest_route=\/wp\/v2\/pages\/49\/revisions\/564"}],"wp:attachment":[{"href":"https:\/\/www.wps-tauchen.de\/index.php?rest_route=%2Fwp%2Fv2%2Fmedia&parent=49"}],"curies":[{"name":"wp","href":"https:\/\/api.w.org\/{rel}","templated":true}]}}